{"id":5292,"date":"2025-11-12T14:48:06","date_gmt":"2025-11-12T13:48:06","guid":{"rendered":"https:\/\/archipel-learning.com\/?page_id=5292"},"modified":"2026-01-12T15:38:59","modified_gmt":"2026-01-12T14:38:59","slug":"ateliers-de-formation","status":"publish","type":"page","link":"https:\/\/archipel-learning.com\/index.php\/ateliers-de-formation\/","title":{"rendered":"Ateliers SMART SKILLS"},"content":{"rendered":"\n<div class=\"wp-block-group has-background\" style=\"background:linear-gradient(135deg,rgb(238,238,238) 78%,rgb(169,184,195) 100%)\"><div class=\"wp-block-group__inner-container is-layout-constrained wp-block-group-is-layout-constrained\">\n<div class=\"wp-block-columns alignfull are-vertically-aligned-bottom has-background is-layout-flex wp-container-core-columns-is-layout-9d6595d7 wp-block-columns-is-layout-flex\" style=\"background:linear-gradient(0deg,rgb(238,238,238) 0%,rgb(223,223,223) 84%)\">\n<div class=\"wp-block-column is-layout-flow wp-block-column-is-layout-flow\" style=\"flex-basis:85%\">\n<div style=\"height:0px\" aria-hidden=\"true\" class=\"wp-block-spacer\"><\/div>\n\n\n\n<div class=\"wp-block-group is-vertical is-content-justification-center is-nowrap is-layout-flex wp-container-core-group-is-layout-c8003664 wp-block-group-is-layout-flex\">\n<p class=\"has-text-align-left has-text-color\" style=\"color:#444178;font-size:26px;font-style:normal;font-weight:300;letter-spacing:-2px;line-height:1.1;text-transform:uppercase\">UNE NOUVELLE OFFRE DE FORMATION POUR  mettre en action l&rsquo;INTELLIGENCE HUMAINE                                             DE VOS EQUIPES<\/p>\n<\/div>\n\n\n\n<div style=\"height:0px\" aria-hidden=\"true\" class=\"wp-block-spacer\"><\/div>\n<\/div>\n<\/div>\n\n\n\n<p style=\"font-style:normal;font-weight:300\"><\/p>\n\n\n\n<figure class=\"wp-block-image size-large is-resized\"><img loading=\"lazy\" decoding=\"async\" width=\"1024\" height=\"576\" src=\"https:\/\/archipel-learning.com\/wp-content\/uploads\/2026\/01\/Vert1_Smart_Skills_Boost_2025_2026-1024x576.png\" alt=\"\" class=\"wp-image-5790\" style=\"width:441px;height:auto\" srcset=\"https:\/\/archipel-learning.com\/wp-content\/uploads\/2026\/01\/Vert1_Smart_Skills_Boost_2025_2026-1024x576.png 1024w, https:\/\/archipel-learning.com\/wp-content\/uploads\/2026\/01\/Vert1_Smart_Skills_Boost_2025_2026-300x169.png 300w, https:\/\/archipel-learning.com\/wp-content\/uploads\/2026\/01\/Vert1_Smart_Skills_Boost_2025_2026-768x432.png 768w, https:\/\/archipel-learning.com\/wp-content\/uploads\/2026\/01\/Vert1_Smart_Skills_Boost_2025_2026-1536x864.png 1536w, https:\/\/archipel-learning.com\/wp-content\/uploads\/2026\/01\/Vert1_Smart_Skills_Boost_2025_2026.png 1920w\" sizes=\"auto, (max-width: 767px) 89vw, (max-width: 1000px) 54vw, (max-width: 1071px) 543px, 580px\" \/><\/figure>\n\n\n\n<p class=\"has-black-color has-text-color has-link-color wp-elements-a1304411e699d1dfd21085f456451f5a\">Et si la vraie performance venait de l\u2019intelligence humaine en action ?<\/p>\n\n\n\n<p class=\"has-black-color has-text-color has-link-color wp-elements-3f2d68e671b6eb0acae628d1c52a96c9\">Les <strong>Smart <\/strong><strong>Skills<\/strong><strong> <\/strong>sont des comp\u00e9tences \u00ab&nbsp;intelligentes&nbsp;\u00bb, qui combinent les comp\u00e9tences comportementales et leur activation pertinente dans l\u2019environnement professionnel.<\/p>\n\n\n\n<p class=\"has-black-color has-text-color has-link-color wp-elements-2269ac6041479dcd344896120b6dfa0a\">Les Soft Skills donnent des comp\u00e9tences, les Smart Skills donnent du pouvoir d\u2019agir : ce sont les comp\u00e9tences humaines activ\u00e9es au service de la performance d\u2019entreprise.<\/p>\n\n\n\n<p class=\"has-black-color has-text-color has-link-color wp-elements-143619e1cf7c8dbd05207bcd9c2fa78a\">Les ateliers de formation <strong>SMART SKILLS BOOST <\/strong>d\u00e9veloppent les comp\u00e9tences qui permettent d\u2019agir vite, juste et avec impact dans les situations cl\u00e9s de la vie d\u2019entreprise.<\/p>\n\n\n\n<p class=\"has-black-color has-text-color has-link-color wp-elements-b14e69b64ae870ca9a642749bdb14969\">Ces ateliers visent \u00e0 donner aux professionnels l\u2019avantage humain qui transforme les situations difficiles en opportunit\u00e9s de valeur.<\/p>\n\n\n\n<p class=\"has-black-color has-text-color has-link-color wp-elements-fcd005fbeab244ad6d9925aef7d2b4fb\">L\u00e0 o\u00f9 la situation devient complexe, l\u2019intelligence humaine augment\u00e9e fait la diff\u00e9rence. Vos \u00e9quipes deviennent alors la meilleure technologie disponible pour votre r\u00e9ussite.<\/p>\n\n\n\n<div class=\"wp-block-columns is-layout-flex wp-container-core-columns-is-layout-9d6595d7 wp-block-columns-is-layout-flex\">\n<div class=\"wp-block-column is-layout-flow wp-block-column-is-layout-flow\"><\/div>\n\n\n\n<div class=\"wp-block-column is-layout-flow wp-block-column-is-layout-flow\"><\/div>\n\n\n\n<div class=\"wp-block-column is-layout-flow wp-block-column-is-layout-flow\"><\/div>\n<\/div>\n<\/div><\/div>\n\n\n\n<div class=\"wp-block-columns is-layout-flex wp-container-core-columns-is-layout-9d6595d7 wp-block-columns-is-layout-flex\">\n<div class=\"wp-block-column has-background is-layout-flow wp-block-column-is-layout-flow\" style=\"background:linear-gradient(315deg,rgb(244,244,244) 0%,rgb(5,54,86) 45%);flex-basis:100%\">\n<p>J<\/p>\n\n\n\n<p><\/p>\n\n\n\n<div class=\"wp-block-group\"><div class=\"wp-block-group__inner-container is-layout-constrained wp-block-group-is-layout-constrained\">\n<div class=\"wp-block-columns is-layout-flex wp-container-core-columns-is-layout-9d6595d7 wp-block-columns-is-layout-flex\">\n<div class=\"wp-block-column is-layout-flow wp-block-column-is-layout-flow\" style=\"flex-basis:100%\">\n<div class=\"wp-block-columns is-layout-flex wp-container-core-columns-is-layout-9d6595d7 wp-block-columns-is-layout-flex\">\n<div class=\"wp-block-column is-layout-flow wp-block-column-is-layout-flow\">\n<div class=\"wp-block-media-text is-stacked-on-mobile\" style=\"grid-template-columns:42% auto\"><figure class=\"wp-block-media-text__media\"><img loading=\"lazy\" decoding=\"async\" width=\"1024\" height=\"1536\" src=\"https:\/\/archipel-learning.com\/wp-content\/uploads\/2025\/11\/0eb96576-079c-40bb-b908-e1962ed9dd68.png\" alt=\"\" class=\"wp-image-5386 size-full\" srcset=\"https:\/\/archipel-learning.com\/wp-content\/uploads\/2025\/11\/0eb96576-079c-40bb-b908-e1962ed9dd68.png 1024w, https:\/\/archipel-learning.com\/wp-content\/uploads\/2025\/11\/0eb96576-079c-40bb-b908-e1962ed9dd68-200x300.png 200w\" sizes=\"auto, (max-width: 767px) 89vw, (max-width: 1000px) 54vw, (max-width: 1071px) 543px, 580px\" \/><\/figure><div class=\"wp-block-media-text__content\">\n<p class=\"has-black-color has-text-color has-background has-link-color wp-elements-201a5be23f7c4e49e82e538c3834d90c\" style=\"background:linear-gradient(135deg,rgb(231,230,230) 46%,rgb(169,184,195) 99%);font-size:12px\">ACHETEURS<\/p>\n\n\n\n<p class=\"has-black-color has-text-color has-background has-link-color wp-elements-7a7ba7730dace4247dd6a00b7d6286aa\" style=\"background:linear-gradient(135deg,rgb(231,230,230) 46%,rgb(169,184,195) 87%);font-size:12px\">COMMERCIAUX<\/p>\n\n\n\n<p class=\"has-black-color has-text-color has-background has-link-color wp-elements-de894bfbc0da0fec17431689117aba6a\" style=\"background:linear-gradient(135deg,rgb(231,230,230) 46%,rgb(169,184,195) 87%);font-size:12px\">TOUTE PERSONNE QUI NEGOCIE DANS L&rsquo;ENTREPRISE<\/p>\n<\/div><\/div>\n<\/div>\n\n\n\n<div class=\"wp-block-column is-layout-flow wp-block-column-is-layout-flow\">\n<p><\/p>\n\n\n\n<p class=\"has-text-align-left has-white-color has-text-color has-link-color has-large-font-size wp-elements-588efa0359534d7760f0f2430db69c16\">ATELIERS                     DE FORMATION<\/p>\n\n\n\n<p class=\"has-text-align-left has-luminous-vivid-orange-color has-text-color has-link-color wp-elements-d7f6a7454e5041294afba435c4ee0ffe\" style=\"font-size:38px\"><a href=\"https:\/\/archipel-learning.com\/index.php\/ateliers-de-formation-metiers\/\" data-type=\"page\" data-id=\"5384\">M\u00e9tiers<\/a><\/p>\n<\/div>\n<\/div>\n\n\n\n<p class=\"has-black-color has-text-color has-background has-link-color wp-elements-24b26afc549cc9a97606520544bbe16b\" style=\"background:linear-gradient(127deg,rgb(244,244,244) 81%,rgb(244,244,244) 100%);font-size:15px\"><strong>8 ATELIERS DE FORMATION <\/strong> &#8211; <a href=\"https:\/\/archipel-learning.com\/index.php\/ateliers-de-formation-metiers\/\" data-type=\"page\" data-id=\"5384\">Contenu de chaque atelier, en savoir plus<\/a><br>o&nbsp;Speech &amp; Pitch &#8211; La Communication au Service du N\u00e9gociateur <br>o&nbsp;Mindset &amp; Posture &#8211; Penser et Agir en N\u00e9gociateur <br>o&nbsp;Transformer les Objections en Leviers de N\u00e9gociation<br>o&nbsp;Agilit\u00e9 &amp; R\u00e9silience &#8211; Rebondir en N\u00e9gociation <br>o&nbsp;Strat\u00e9gie d\u2019Ancrage &#8211; La Force de la Premi\u00e8re Annonce <br>o&nbsp;N\u00e9gocier par Email &#8211; L\u2019Art de l\u2019Interaction \u00e0 Distance et en Diff\u00e9r\u00e9 <br>o&nbsp;Prompting pour N\u00e9gociateurs \u2013 Niveau 1 : l\u2019art de questionner l\u2019IA<br>o&nbsp;Prompting pour N\u00e9gociateurs \u2013 Niveau 2 : l\u2019IA comme copilote strat\u00e9gique<\/p>\n<\/div>\n<\/div>\n\n\n\n<p class=\"has-white-color has-text-color has-link-color wp-elements-c645e628e62f8fbab9d9726851472d16\"><\/p>\n<\/div><\/div>\n<\/div>\n<\/div>\n\n\n\n<div class=\"wp-block-columns is-layout-flex wp-container-core-columns-is-layout-9d6595d7 wp-block-columns-is-layout-flex\">\n<div class=\"wp-block-column has-background is-layout-flow wp-block-column-is-layout-flow\" style=\"background:linear-gradient(315deg,rgb(244,244,244) 5%,rgb(5,54,86) 45%);flex-basis:100%\">\n<p>J<\/p>\n\n\n\n<p><\/p>\n\n\n\n<div class=\"wp-block-group\"><div class=\"wp-block-group__inner-container is-layout-constrained wp-block-group-is-layout-constrained\">\n<div class=\"wp-block-columns is-layout-flex wp-container-core-columns-is-layout-9d6595d7 wp-block-columns-is-layout-flex\">\n<div class=\"wp-block-column is-layout-flow wp-block-column-is-layout-flow\" style=\"flex-basis:100%\">\n<div class=\"wp-block-columns is-layout-flex wp-container-core-columns-is-layout-9d6595d7 wp-block-columns-is-layout-flex\">\n<div class=\"wp-block-column is-layout-flow wp-block-column-is-layout-flow\">\n<div class=\"wp-block-media-text is-stacked-on-mobile\" style=\"grid-template-columns:42% auto\"><figure class=\"wp-block-media-text__media\"><img loading=\"lazy\" decoding=\"async\" width=\"1024\" height=\"1536\" src=\"https:\/\/archipel-learning.com\/wp-content\/uploads\/2025\/11\/0eb96576-079c-40bb-b908-e1962ed9dd68.png\" alt=\"\" class=\"wp-image-5386 size-full\" srcset=\"https:\/\/archipel-learning.com\/wp-content\/uploads\/2025\/11\/0eb96576-079c-40bb-b908-e1962ed9dd68.png 1024w, https:\/\/archipel-learning.com\/wp-content\/uploads\/2025\/11\/0eb96576-079c-40bb-b908-e1962ed9dd68-200x300.png 200w\" sizes=\"auto, (max-width: 767px) 89vw, (max-width: 1000px) 54vw, (max-width: 1071px) 543px, 580px\" \/><\/figure><div class=\"wp-block-media-text__content\">\n<p class=\"has-black-color has-text-color has-background has-link-color wp-elements-169ac0ebb00311550c1cf40c2c8582d6\" style=\"background:linear-gradient(135deg,rgb(244,244,244) 59%,rgb(169,184,195) 100%);font-size:13px\">TOUT PUBLIC D&rsquo;ENTREPRISE<\/p>\n<\/div><\/div>\n<\/div>\n\n\n\n<div class=\"wp-block-column is-layout-flow wp-block-column-is-layout-flow\">\n<p class=\"has-text-align-left has-white-color has-text-color has-link-color has-large-font-size wp-elements-588efa0359534d7760f0f2430db69c16\">ATELIERS                     DE FORMATION<\/p>\n\n\n\n<p class=\"has-text-align-left has-luminous-vivid-orange-color has-text-color has-link-color wp-elements-7cbe515e76700e9c55e8efe63bb0f540\" style=\"font-size:38px\"><a href=\"https:\/\/archipel-learning.com\/index.php\/ateliers-de-formation-developpement-personnel\/\" data-type=\"page\" data-id=\"5717\">D\u00e9veloppement Personnel<\/a><\/p>\n<\/div>\n<\/div>\n\n\n\n<p class=\"has-black-color has-text-color has-background has-link-color wp-elements-acbcd814c8f770f9ab8f57454208aa60\" style=\"background:linear-gradient(127deg,rgb(244,244,244) 81%,rgb(244,244,244) 100%);font-size:15px\"><strong>4 ATELIERS DE FORMATION <\/strong> &#8211; <a href=\"https:\/\/archipel-learning.com\/index.php\/ateliers-de-formation-developpement-personnel\/\" data-type=\"page\" data-id=\"5717\">Contenu de chaque atelier, en savoir plus<\/a><br>o Ecoute Active \u2013 Niveau 1 : cr\u00e9er du lien, de l\u2019impact et du leadership<br>o Ecoute Active \u2013 Niveau 2 : g\u00e9rer les conversations difficiles<br>o Power Talk &#8211; Les Cl\u00e9s d\u2019une Prise de Parole Engageante<br>o Prompting IA \u2013 Communiquer Efficacement avec l\u2019Intelligence Artificielle<\/p>\n\n\n\n<p>o<\/p>\n<\/div>\n<\/div>\n\n\n\n<p class=\"has-white-color has-text-color has-link-color wp-elements-c645e628e62f8fbab9d9726851472d16\"><\/p>\n<\/div><\/div>\n<\/div>\n<\/div>\n\n\n\n<p><\/p>\n","protected":false},"excerpt":{"rendered":"<p>UNE NOUVELLE OFFRE DE FORMATION POUR mettre en action l&rsquo;INTELLIGENCE HUMAINE DE VOS EQUIPES Et si la vraie performance venait de l\u2019intelligence humaine en action ? Les Smart Skills sont des comp\u00e9tences \u00ab&nbsp;intelligentes&nbsp;\u00bb, qui combinent les comp\u00e9tences comportementales et leur activation pertinente dans l\u2019environnement professionnel. Les Soft Skills donnent des comp\u00e9tences, les Smart Skills donnent &hellip; <\/p>\n<p class=\"link-more\"><a href=\"https:\/\/archipel-learning.com\/index.php\/ateliers-de-formation\/\" class=\"more-link\">Continuer la lecture<span class=\"screen-reader-text\"> de &laquo;&nbsp;Ateliers SMART SKILLS&nbsp;&raquo;<\/span><\/a><\/p>\n","protected":false},"author":1,"featured_media":0,"parent":0,"menu_order":0,"comment_status":"closed","ping_status":"closed","template":"","meta":{"footnotes":""},"class_list":["post-5292","page","type-page","status-publish","hentry"],"_links":{"self":[{"href":"https:\/\/archipel-learning.com\/index.php\/wp-json\/wp\/v2\/pages\/5292","targetHints":{"allow":["GET"]}}],"collection":[{"href":"https:\/\/archipel-learning.com\/index.php\/wp-json\/wp\/v2\/pages"}],"about":[{"href":"https:\/\/archipel-learning.com\/index.php\/wp-json\/wp\/v2\/types\/page"}],"author":[{"embeddable":true,"href":"https:\/\/archipel-learning.com\/index.php\/wp-json\/wp\/v2\/users\/1"}],"replies":[{"embeddable":true,"href":"https:\/\/archipel-learning.com\/index.php\/wp-json\/wp\/v2\/comments?post=5292"}],"version-history":[{"count":39,"href":"https:\/\/archipel-learning.com\/index.php\/wp-json\/wp\/v2\/pages\/5292\/revisions"}],"predecessor-version":[{"id":5791,"href":"https:\/\/archipel-learning.com\/index.php\/wp-json\/wp\/v2\/pages\/5292\/revisions\/5791"}],"wp:attachment":[{"href":"https:\/\/archipel-learning.com\/index.php\/wp-json\/wp\/v2\/media?parent=5292"}],"curies":[{"name":"wp","href":"https:\/\/api.w.org\/{rel}","templated":true}]}}